{"id":186,"date":"2021-07-28T22:23:07","date_gmt":"2021-07-28T20:23:07","guid":{"rendered":"https:\/\/lesestein.de\/web\/?page_id=186"},"modified":"2021-08-31T07:41:39","modified_gmt":"2021-08-31T05:41:39","slug":"ahabc-de","status":"publish","type":"page","link":"https:\/\/lesestein.de\/web\/ahabc-de\/","title":{"rendered":"ahabc.de"},"content":{"rendered":"<h2>Das Magazin f\u00fcr Boden und Garten<\/h2>\n<p><!--more--><\/p>\n<figure id=\"attachment_423\" aria-describedby=\"caption-attachment-423\" style=\"width: 300px\" class=\"wp-caption alignleft\"><a href=\"https:\/\/lesestein.de\/web\/wp-content\/uploads\/2021\/08\/startseiteahabc-1.jpg\"><img loading=\"lazy\" decoding=\"async\" class=\"wp-image-423 size-medium\" src=\"https:\/\/lesestein.de\/web\/wp-content\/uploads\/2021\/08\/startseiteahabc-1-300x167.jpg\" alt=\"Startseite ahabc\" width=\"300\" height=\"167\" srcset=\"https:\/\/lesestein.de\/web\/wp-content\/uploads\/2021\/08\/startseiteahabc-1-300x167.jpg 300w, https:\/\/lesestein.de\/web\/wp-content\/uploads\/2021\/08\/startseiteahabc-1-1024x568.jpg 1024w, https:\/\/lesestein.de\/web\/wp-content\/uploads\/2021\/08\/startseiteahabc-1-768x426.jpg 768w, https:\/\/lesestein.de\/web\/wp-content\/uploads\/2021\/08\/startseiteahabc-1-1536x853.jpg 1536w, https:\/\/lesestein.de\/web\/wp-content\/uploads\/2021\/08\/startseiteahabc-1.jpg 1623w\" sizes=\"auto, (max-width: 300px) 100vw, 300px\" \/><\/a><figcaption id=\"caption-attachment-423\" class=\"wp-caption-text\">Screenshot ahabc.de<\/figcaption><\/figure>\n<p>www.ahabc.de ist ein Internet-Magazin f\u00fcr Boden und Garten mit aktuellen Informationen und Nachrichten rund um die Themen Boden und Garten. Interviews mit hochrangigen Experten aus Forschung und Praxis sowie Portraits zu boden- und gartenrelevanten Institutionen und Beh\u00f6rden sorgen f\u00fcr die Dynamik des Magazins.<\/p>\n<p>Ahabc.de ist eine Informationsquelle f\u00fcr alle, die am Boden und am Garten beruflich oder privat Interesse haben und die sich mit den Themen Boden und Garten befassen: F\u00fcr Gartenfreunde, Hobbyg\u00e4rtner, Pflanzenliebhaber, Sammler von Spezialkulturen, Studierende der Bodenkunde, des Gartenbaus, der Geologie, Geografie, Geo\u00f6kologie, Biologie und anderer Wissenschaften ebenso wie f\u00fcr Lehrer, Hochschullehrer verwandter Disziplinen sowie f\u00fcr naturinteressierte Menschen, praktizierende G\u00e4rtner und Gartenbauer.<\/p>\n<p>Ahabc.de m\u00f6chte den Boden f\u00fcr diese Zielgruppen in all seinen Facetten darstellen, das Bodenbewusstsein f\u00fcr die Allgemeinheit sch\u00e4rfen und Grunds\u00e4tzliches zu den Themen Garten, Gartenboden und Substrate nach aktuellem wissenschaftlichem Stand vermitteln.<\/p>\n<p><a href=\"http:\/\/www.taunuswelten.de\/\" target=\"_blank\" rel=\"noopener\">www.ahabc.de<\/a><\/p>\n","protected":false},"excerpt":{"rendered":"<p>Das Magazin f\u00fcr Boden und Garten<\/p>\n","protected":false},"author":1,"featured_media":219,"parent":0,"menu_order":0,"comment_status":"closed","ping_status":"closed","template":"","meta":{"footnotes":""},"class_list":["post-186","page","type-page","status-publish","has-post-thumbnail","hentry"],"_links":{"self":[{"href":"https:\/\/lesestein.de\/web\/wp-json\/wp\/v2\/pages\/186","targetHints":{"allow":["GET"]}}],"collection":[{"href":"https:\/\/lesestein.de\/web\/wp-json\/wp\/v2\/pages"}],"about":[{"href":"https:\/\/lesestein.de\/web\/wp-json\/wp\/v2\/types\/page"}],"author":[{"embeddable":true,"href":"https:\/\/lesestein.de\/web\/wp-json\/wp\/v2\/users\/1"}],"replies":[{"embeddable":true,"href":"https:\/\/lesestein.de\/web\/wp-json\/wp\/v2\/comments?post=186"}],"version-history":[{"count":9,"href":"https:\/\/lesestein.de\/web\/wp-json\/wp\/v2\/pages\/186\/revisions"}],"predecessor-version":[{"id":535,"href":"https:\/\/lesestein.de\/web\/wp-json\/wp\/v2\/pages\/186\/revisions\/535"}],"wp:featuredmedia":[{"embeddable":true,"href":"https:\/\/lesestein.de\/web\/wp-json\/wp\/v2\/media\/219"}],"wp:attachment":[{"href":"https:\/\/lesestein.de\/web\/wp-json\/wp\/v2\/media?parent=186"}],"curies":[{"name":"wp","href":"https:\/\/api.w.org\/{rel}","templated":true}]}}